= -39 + v. What is the units digit of z?
8
Let d(u) = -u**3 - 3*u**2 + 9*u - 2. Let h be d(-8). What is the units digit of h/24 + 1/(-4)?
0
Suppose -94 = -5*f - 3*k, -4*f - 4*k - 108 = -9*f. Suppose -w + 3*w = f. What is the tens digit of w?
1
Let n be 2/(-4)*8/(-2). Let b(g) = g - 1. What is the units digit of b(n)?
1
Let n = 118 - 69. What is the units digit of n?
9
Let l = -10 + 19. Let k = 4 + l. What is the units digit of k?
3
Let q be (16 - 2) + (-4)/(-2). Suppose 4*f + 3*d - 6*d = q, -5*f + 21 = -4*d. What is the units digit of f/(-2)*-1*10?
5
Suppose -f + 2 = -0. Suppose 2*i + 3*y = 20, -8 = -f*i + 3*y + 24. What is the tens digit of i?
1
Let s(t) = 2*t**2 + 1. Let n be s(-1). Suppose 4*z + 2*u = 2*z + 12, 4*u = -n*z + 18. Let c(l) = -l**2 + 7*l - 5. What is the units digit of c(z)?
1
Let h(d) = -3*d**2 - 3*d + 2. Let m be h(2). Let y = m - 2. What is the units digit of y/(-3) - 1*2?
4
What is the units digit of ((-6)/4)/(2 + (-269)/134)?
1
Let b(c) = -c**3 + 8*c**2. Let w be b(8). Let y(u) = -u + 17. What is the units digit of y(w)?
7
Let m = -6 - -9. What is the units digit of 2/m + 448/21?
2
Suppose 3*g - 19 = 11. Suppose -t = -5 + 1. Let m = t + g. What is the units digit of m?
4
Suppose 8 = -z + 4*m, -5*z + 5*m - 3*m = -32. What is the units digit of (10/z)/(1/4)?
5
Let j(q) = 4*q**2 + q**2 - 4*q**3 + q**3 + 2*q**3 - q + 2. Let d be j(5). What is the units digit of d/(-18) + (-130)/(-12)?
1
Let j be ((-3)/(-2))/((-3)/(-16)). Let p(k) = -k**2 + 8*k + 5. Let r be p(j). Suppose 3*y + 0*y = 2*f + 6, r*y - 10 = 5*f. What is the units digit of y?
2
Suppose -5*z + 2*z + 70 = 5*d, d + 4*z + 3 = 0. What is the tens digit of d?
1
Let k = -69 + 124. What is the tens digit of k?
5
What is the tens digit of 119/2 - 12/(-8)?
6
Let u(a) = -2*a + 17. Let h(r) = -r**3 - 10*r**2 - 9*r - 7. Let g be h(-9). What is the tens digit of u(g)?
3
Suppose -4*t + 28 = 3*i, 0*t - 2*t + 2*i = -28. Let q = -6 + t. Suppose -q*c + l = -2, -c + 9 = -l + 5*l. What is the units digit of c?
1
What is the units digit of ((-20)/(-14))/((-1)/(-35))?
0
Let s(w) be the third derivative of -w**6/120 - 3*w**5/20 - w**4/12 - 7*w**3/6 + w**2. What is the tens digit of s(-9)?
1
Suppose -2*j + 30 = 3*j. Suppose 3 + j = -k. What is the units digit of (-15)/k - 6/9?
1
Let a(k) = -57*k**2 + 5. Let v(z) = 58*z**2 + z - 6. Let b(t) = -4*a(t) - 3*v(t). What is the units digit of b(-1)?
5
Let z(l) = l**2 - 5*l + 3. Let a be z(9). Suppose -5*i = -a - 26. What is the units digit of i?
3
Let h = -158 + 255. What is the units digit of h?
7
Let y(b) = b**2 + 11*b + 5. Let s be y(-10). What is the tens digit of 32 + (-2)/5*s?
3
Let j be 3/(-2)*(-24)/18. Let b(m) = -m**3 + 2*m**2 - 2 + m + m + 0*m. What is the units digit of b(j)?
2
Let y(s) = -3*s + 38. What is the tens digit of y(-20)?
9
Suppose 2*u - 3 = 7, -3*h - u = -338. What is the tens digit of h?
1
Let y(c) = 2*c**2 - c. What is the tens digit of y(3)?
1
Let d(q) = -q**3 + q**2 + 3. Let i be d(0). Let n = -8 + i. What is the units digit of n*(-2)/(-8)*-4?
5
Let y(n) = -n - 3. Let d = -13 - -7. What is the units digit of y(d)?
3
Suppose 12 = i + q - 3*q, -3*q = -3*i + 21. Let a(d) = 2*d**3 + d**2 - 4*d + 3. What is the tens digit of a(i)?
1
Let x(o) = -4*o - 8. Let p(i) = 5*i + 8. Let l(q) = -3*p(q) - 4*x(q). Let m(u) = u**2 + 7*u - 5. Let z be m(-7). What is the units digit of l(z)?
3
Let h(f) = -3*f - 6. What is the units digit of h(-6)?
2
Let h = -31 - -30. Let y(c) = 2*c**2 - 2*c**3 - 1 - 3*c**3 + 0*c**2. What is the units digit of y(h)?
6
Let l(a) = 2 + 6*a**2 + 51*a + 1 + 3. Let r(b) = b**2 + 10*b + 1. Let x(o) = -2*l(o) + 11*r(o). What is the units digit of x(7)?
6
Let j = 13 + -7. Suppose j*t = 3*t + 45. Suppose -o = -s + 19, -4 = -s - o + t. What is the units digit of s?
9
Suppose -5*y = 3*r - 40, -y = 5*r - 2*r - 20. What is the units digit of y?
5
Let p(w) be the first derivative of w**3/3 - w**2/2 - 2*w + 2. Let y be p(3). Suppose y*g + g - 30 = 0. What is the units digit of g?
6
Let l(x) be the third derivative of x**5/60 - x**4/4 + 4*x**3/3 - 4*x**2. What is the units digit of l(8)?
4
Let w(j) = 4*j**3 - j**2 + 2. What is the tens digit of w(2)?
3
Let m = -107 + 173. What is the units digit of m?
6
Let v(j) = -7*j - 2. Let x be v(-3). Let k = x + 2. What is the units digit of k?
1
Let r be 4/3*1*6. Let c(i) = i**2 - 8*i + 1. Let a be c(r). Suppose b + 5 - a = 0, 0 = 5*x + b - 26. What is the units digit of x?
6
Let c(b) = -6*b + 38. What is the units digit of c(-11)?
4
Let j(f) = 4*f - 7 + 8 - 2*f + 5*f**2. Suppose -4*r - 3*g = -2*r - 4, -3*g + 11 = -5*r. What is the units digit of j(r)?
4
Suppose 3*y + 0*y = -18. What is the units digit of (2 + 16/y)*-18?
2
Suppose 0 = -z + 48 - 4. What is the tens digit of z?
4
Let h(r) = -17*r - 1. Let k be h(1). Let g = -25 - k. What is the units digit of (-8)/(-28) + (-47)/g?
7
Suppose -5*x = -w - 368, 0 = 4*x + 2*w - 101 - 185. What is the units digit of x?
3
Let m = 37 - 21. Let u = m - -3. What is the tens digit of u?
1
Let j(k) = -k**2 - 9*k + 1. Let u be j(-9). What is the units digit of -2*u/(2/(-13))?
3
Suppose 2*l = 6 - 48. Let v be (-5)/(-4) - l/28. What is the units digit of (v - 3/3)/1?
1
Suppose 0 = 7*q - 3210 + 1299. What is the tens digit of q?
7
Let c(h) = h + 17. Let d be c(-11). Let y(s) = 2*s - 8. What is the units digit of y(d)?
4
What is the tens digit of -2*(-116)/12*3?
5
Suppose 0 = -d + 21 + 5. Let p = d + -16. What is the tens digit of p?
1
Let m = -2 + 8. What is the units digit of (-6)/(m/(-3) + 0)?
3
Let r = 83 + 89. What is the units digit of r?
2
Let s be 2/6*(22 + -1). Let c = s - 3. Suppose -o + 8 = c*l, -5*l + 10*l + 5*o + 5 = 0. What is the units digit of l?
3
What is the units digit of (-124)/(-4) - (4 - 2)?
9
Let c(u) = -5*u - 1. Let j be c(-1). Suppose 0 = -j*x - 1 + 9. What is the units digit of x?
2
Let a(r) = -r**2 - 8*r + 9. Suppose -2*p + 2*g = 16, -4*p + 0*p - g - 37 = 0. Let d be a(p). Let o = 5 + d. What is the units digit of o?
5
Let w = 2 + 0. Let q be (-1)/3 + (-192)/(-36). Suppose -2*z - w*z + 13 = u, q*u = 25. What is the units digit of z?
2
Suppose -h - 4 = -0*d - d, -12 = h - 3*d. Let y = 2 + h. Suppose 2*j - 36 = -y*j. What is the units digit of j?
9
Let v be 2/4 + 31/(-2). What is the tens digit of (-1)/1*(2 + v)?
1
Let n(x) = -2*x**2 - x + 5. What is the units digit of n(0)?
5
Let s be (-53)/((-5 - -2) + 2). Suppose -3 + s = 2*j. Let b = j + -13. What is the tens digit of b?
1
Suppose -4*i + 47 + 111 = f, f = 3*i - 122. Suppose -2*s - i = 2*s. What is the units digit of ((-12)/10)/(2/s)?
6
Let i = -105 + 267. What is the tens digit of i?
6
Suppose q = -q + 60. Suppose 0 = 3*g - 45 - q. What is the units digit of g?
5
Let t(g) = 7*g - 6. Suppose -6*q = -7*q + 8. What is the units digit of t(q)?
0
What is the units digit of (-1)/(1/3) - -26?
3
Let j(r) be the second derivative of -2*r**3/3 - 17*r**2/2 + 6*r. What is the tens digit of j(-10)?
2
Suppose 8*h - 3*h - 240 = 5*n, -3*h - 4*n + 151 = 0. Suppose -5*i + 5*s - 65 = 0, 3*i + 0*s = -2*s - h. Let y = -9 - i. What is the units digit of y?
6
Let o(l) = l**2 - 8*l - 13. Suppose 0 = -4*u + 2*g + 82, -3*g = -u + 4*u - 57. Suppose 18 = x + 3*b - 4, -5*b - u = -4*x. What is the units digit of o(x)?
7
Let p = -1 - 2. Let x be 1 + (-1 - 1 - p). What is the units digit of (x/4)/(3/18)?
3
Let a be (-1)/(-3) + (-28)/3. Let y(i) = -19*i - 2. Let h be y(-1). Let n = h + a. What is the units digit of n?
8
Suppose -38 = 2*b + 4*l, l + l + 69 = -3*b. Let u be (-10)/b + (-38)/(-5). Suppose 2*r = 4*r - u. What is the units digit of r?
4
What is the tens digit of (6/9)/((-1)/(-288))?
9
Let q(j) = j**2 + 3. Let o be q(0). Suppose 5*d - 278 = 4*m, -d - o*m = -45 - 3. What is the units digit of d?
4
Let d(q) = q**3 + 0*q**2 + 11 + 6*q**2 + 3*q**2 + 9*q. What is the units digit of d(-8)?
3
Suppose 3*h = 6*h - 27. Suppose -31 + h = -d. What is the tens digit of d?
2
Let b(f) = f**2 + 43. Let d be b(0). Suppose -k + 33 = 2*y, -2*y + k = 4*k - d. What is the units digit of y?
4
Let v(k) = -3*k - 3. Let x be v(-2). Suppose 6 = x*l + 3. What is the units digit of 1/((-5)/(-4) - l)?
4
Suppose 0*d = -2*d. Suppose -7*y + 322 = -d*y. What is the units digit of y?
6
Let x(l) = -2*l**2 - 3 - 1 + 3*l**3 - 2*